r when 58748 is divided by 1894?
34
What is the remainder when 1606789 is divided by 1364?
1361
What is the remainder when 554606 is divided by 5?
1
What is the remainder when 1233540 is divided by 470?
260
Calculate the remainder when 6032219 is divided by 811.
1
What is the remainder when 33651 is divided by 484?
255
What is the remainder when 1142934 is divided by 114255?
384
What is the remainder when 163581 is divided by 260?
41
What is the remainder when 89474 is divided by 922?
40
Calculate the remainder when 53688278 is divided by 26844131.
16
What is the remainder when 57169683 is divided by 1958?
1957
What is the remainder when 29309 is divided by 2418?
293
What is the remainder when 880793295 is divided by 100?
95
What is the remainder when 935652 is divided by 156?
120
What is the remainder when 570843 is divided by 61?
5
What is the remainder when 228177 is divided by 56827?
869
Calculate the remainder when 2575653 is divided by 4456.
85
What is the remainder when 18345710 is divided by 616?
614
What is the remainder when 9501281 is divided by 18?
17
Calculate the remainder when 811727 is divided by 255.
62
Calculate the remainder when 22927430 is divided by 22.
20
Calculate the remainder when 11864474 is divided by 945.
944
Calculate the remainder when 21850 is divided by 7259.
73
Calculate the remainder when 1510120 is divided by 35119.
3
What is the remainder when 5094334 is divided by 5340?
5314
What is the remainder when 939865 is divided by 8784?
8761
Calculate the remainder when 7306309 is divided by 1046.
1045
Calculate the remainder when 35241989 is divided by 30.
29
What is the remainder when 3981806 is divided by 1327252?
50
What is the remainder when 337432 is divided by 1144?
1096
What is the remainder when 214389 is divided by 17618?
2973
Calculate the remainder when 26707432 is divided by 16.
8
What is the remainder when 4130450 is divided by 16?
2
Calculate the remainder when 102398 is divided by 553.
93
Calculate the remainder when 303575 is divided by 5513.
360
Calculate the remainder when 2714319 is divided by 2314.
2311
What is the remainder when 693158 is divided by 1453?
77
What is the remainder when 355729 is divided by 2130?
19
Calculate the remainder when 77347547 is divided by 3122.
3119
Calculate the remainder when 524068 is divided by 262018.
32
What is the remainder when 180032 is divided by 3671?
153
What is the remainder when 26073774 is divided by 365?
364
Calculate the remainder when 15281 is divided by 3762.
233
What is the remainder when 43069 is divided by 19664?
3741
Calculate the remainder when 1358631 is divided by 8.
7
Calculate the remainder when 2995700 is divided by 3146.
708
Calculate the remainder when 11997228 is divided by 1333025.
3
Calculate the remainder when 8817740 is divided by 2939098.
446
Calculate the remainder when 176351687 is divided by 72.
71
Calculate the remainder when 524626 is divided by 4521.
190
What is the remainder when 3070042 is divided by 42639?
34
What is the remainder when 1591731 is divided by 519?
477
Calculate the remainder when 195566 is divided by 31677.
5504
What is the remainder when 263253 is divided by 544?
501
What is the remainder when 144091 is divided by 71?
32
Calculate the remainder when 13676607 is divided by 4558862.
21
Calculate the remainder when 25292170 is divided by 1806583.
8
Calculate the remainder when 583080 is divided by 112.
8
Calculate the remainder when 42030 is divided by 1913.
1857
Calculate the remainder when 34289395 is divided by 261.
259
Calculate the remainder when 28544 is divided by 13866.
812
What is the remainder when 27404552 is divided by 131?
7
Calculate the remainder when 1467054 is divided by 2314.
2292
Calculate the remainder when 147856 is divided by 2011.
1053
What is the remainder when 6375210 is divided by 369?
366
What is the remainder when 3415 is divided by 3074?
341
Calculate the remainder when 1237646 is divided by 181.
149
Calculate the remainder when 32129 is divided by 572.
97
Calculate the remainder when 54643 is divided by 4548.
67
What is the remainder when 15731139 is divided by 5243713?
0
Calculate the remainder when 2017789 is divided by 672590.
19
What is the remainder when 62898926 is divided by 39?
38
What is the remainder when 94423110 is divided by 1029?
12
Calculate the remainder when 7475827 is divided by 7475819.
8
What is the remainder when 1148460 is divided by 8252?
1432
Calculate the remainder when 232494 is divided by 58120.
14
Calculate the remainder when 289320 is divided by 57857.
35
Calculate the remainder when 31550402 is divided by 70.
2
Calculate the remainder when 51355 is divided by 2851.
37
What is the remainder when 1956852 is divided by 391367?
17
What is the remainder when 157055 is divided by 1473?
917
What is the remainder when 652758 is divided by 108790?
18
Calculate the remainder when 203711 is divided by 67823.
242
Calculate the remainder when 2954696 is divided by 145.
31
What is the remainder when 2272571 is divided by 757513?
32
What is the remainder when 318639599 is divided by 80?
79
What is the remainder when 385277 is divided by 2471?
2272
Calculate the remainder when 3056462 is divided by 3056403.
59
Calculate the remainder when 1248279 is divided by 12736.
151
Calculate the remainder when 31808459 is divided by 519.
506
Calculate the remainder when 1486539 is divided by 13637.
106
What is the remainder when 496964 is divided by 528?
116
What is the remainder when 6245847 is divided by 260241?
63
What is the remainder when 4202898 is divided by 3716?
102
Calculate the remainder when 174105 is divided by 120.
105
Calculate the remainder when 3818092 is divided by 1909030.
32
Calculate the remainder when 315393085 is divided by 473.
469
Calculate the remainder when 330133 is divided by 82197.
1345
Calculate the remainder when 224680 is divided by 1284.
1264
What is the remainder when 354233 is divided by 1865?
1748
What is the remainder when 64001 is divided by 63638?
363
What is the remainder when 25282 is divided by 5829?
1966
What is the remainder when 3313964 is divided by 379?
367
Calculate the remainder when 4548123 is divided by 1516031.
30
What is the remainder when 38254511 is divided by 19127250?
11
Calculate the remainder when 282954 is divided by 59.
49
What is the remainder when 6514170 is divided by 6514141?
29
What is the remainder when 65784 is divided by 64259?
1525
Calculate the remainder when 890037 is divided by 15893.
29
What is the remainder when 891364 is divided by 81032?
12
Calculate the remainder when 1760041 is divided by 2341.
1950
What is the remainder when 15458416 is divided by 206?
176
What is the remainder when 49696 is divided by 5975?
1896
What is the remainder when 29676352 is divided by 7419080?
32
What is the remainder when 1168270 is divided by 75?
70
What is the remainder when 59636533 is divided by 653?
2
Calculate the remainder when 2951124 is divided by 25.
24
Calculate the remainder when 1740527 is divided by 41441.
5
What is the remainder when 142456505 is divided by 35?
30
Calculate the remainder when 1634660 is divided by 16026.
8
Calculate the remainder when 63443 is divided by 1318.
179
What is the remainder when 839218 is divided by 12?
10
What is the remainder when 24696 is divided by 925?
646
What is the remainder when 52663976 is divided by 17?
16
What is the remainder when 723357 is divided by 11467?
936
Calculate the remainder when 10085406 is divided by 1013.
991
What is the remainder when 362976 is divided by 123?
3
Calculate the remainder when 839787 is divided by 645.
642
What is the remainder when 8799118 is divided by 24?
22
What is the remainder when 23038501 is divided by 1523?
80
What is the remainder when 510447284 is divided by 12?
8
What is the remainder when 138997796 is divided by 813?
812
Calculate the remainder when 2454405 is divided by 99.
96
What is the remainder when 30486620 is divided by 10162201?
17
What is the remainder when 6272810 is divided by 807?
806
What is the remainder when 611950 is divided by 1267?
1256
Calculate the remainder when 1016279238 is divided by 212.
210
Calculate the remainder when 13404 is divided by 5954.
1496
What is the remainder when 18829118 is div